.
-39
Let s(q) = 3*q**3 - 10*q**2 + 3*q + 6. Let m be s(4). Let j(t) = 24*t - m*t + 22*t. Give j(3).
-12
Let o(z) be the third derivative of -7*z**4/24 + z**3/3 - 3*z**2 - 27*z. Let b(m) = 6*m - 1. Let a(k) = -6*b(k) - 5*o(k). What is a(4)?
-8
Let q(f) = 18*f + 713. Let n be q(-38). Let o(h) = -h**2 + 25*h + 125. What is o(n)?
9
Let p(r) = -r + 31. Suppose -3*y + 21 = 0, -g + 4*y + 1064 = 1074. Determine p(g).
13
Let p(d) = 41 - d + 3*d - 3*d**2 - 2*d**3 - 39. Suppose -18 = 5*a + 3*m - 2*m, 5*m = 4*a - 3. Determine p(a).
23
Suppose -4*g = -0*y + y - 5, -2*y - 3 = -5*g. Suppose -5*r - 5*f = -11 + 26, 0 = f + g. Let a(c) = 10*c - 2. Calculate a(r).
-22
Let q(x) = -113*x - 27. Let c(a) = 42*a + 9. Let w(d) = 11*c(d) + 4*q(d). Determine w(1).
1
Let b(a) = -43*a**3 + 2*a**2 - 1. Let o be (-2)/3*405/(-18). Suppose -2*g + 13 = 3*f, 0 = -6*f + 3*f + o. Determine b(g).
44
Suppose -2*r - 34 + 37 = -3*w, 3*r - 4*w = 5. Let t(z) be the second derivative of 0 - 3*z - 2*z**2 - 1/2*z**r. Calculate t(-3).
5
Let u(r) be the second derivative of r**5/10 - r**4/12 + r**3/2 - 3*r**2 + 5890*r. Calculate u(2).
12
Let r(x) be the second derivative of -x**5/20 - x**4/2 - 7*x**3/6 - 8*x**2 + 12*x + 20. Give r(-5).
-6
Let d(b) = 4 - 34*b - 84*b + 120*b. Calculate d(6).
16
Let u = 11 - 7. Let y(s) = s**2 - 3*s - 7. Let r(m) = 2*m**2 - 6*m - 15. Let c(n) = 2*r(n) - 5*y(n). Determine c(u).
1
Suppose -14*p - 14 = 67*p + 472. Let i(t) = -t**3 - 4*t**2 + 8*t - 5. What is i(p)?
19
Let c(b) = -b**3 - 8*b**2 - 6*b - 5. Let x = -6068 + 6061. Give c(x).
-12
Let p(a) be the third derivative of a**6/120 + a**5/20 + a**4/24 - 2*a**2. Let u = 140 + -142. Let n be (156/(-104))/((-1)/u). Calculate p(n).
-3
Suppose 0 - 3 = -i. Let u(f) = -6 - f + i + 14. Suppose 0 = 3*d - 5*d - 4*z + 22, d = z + 2. What is u(d)?
6
Let m(f) be the third derivative of 0*f**4 + 1/3*f**3 + 0*f + 68*f**2 - 1/60*f**6 + 1/30*f**5 + 0. Let l = -2 + 4. Calculate m(l).
-6
Let l be 2/(2 + -6)*(2 + 2). Let z(v) be the second derivative of 5*v**3/6 + v**2/2 + 4*v. Determine z(l).
-9
Let p(d) = 21*d - 1. Let s be p(-2). Suppose 4*a - 2*j = 182, -2*a + 2*j + 145 = 49. Let c = a + s. Let g(x) = -x + 5. What is g(c)?
5
Let v be (-2 + 2)/(-8 + 10). Let q(h) be the first derivative of 9*h + 1/2*h**2 - 5. Calculate q(v).
9
Let i(x) = 3*x - 6. Suppose 2*a - 1 = 7. Let q = -411 + 439. Suppose -4*t + q = a*v, -v - 2*t - 22 = -5*v. Give i(v).
12
Let i(q) be the third derivative of -q**5/60 - q**4/4 + 4*q**3/3 + 3941*q**2 + 4. Let p be -9 + (0 - -1)/1. What is i(p)?
-8
Let w(i) = -i**2 + 10 - 1 + 116953*i - 116957*i. Suppose 17 = -3*a + 4*x, -5*x = 3*a - 2*x + 24. What is w(a)?
-12
Let c(g) = -3*g**3 + 17*g**2 - 8*g - 12. Let r = -207 + 199. Let j(o) = o**3 - 3*o + 6*o**2 - 6 + 2 - 2*o**3. Let m(z) = r*j(z) + 3*c(z). Calculate m(3).
-4
Let z = 2 - 4. Let h be (1/z)/((-2)/(-16)). Let n(j) be the second derivative of -j**5/20 - j**4/3 + j**3 + j**2/2 - 16*j - 591. Calculate n(h).
-23
Let u(h) = 128*h - 1. Let r(i) = 894*i - 8. Let w(q) = 2*r(q) - 14*u(q). Let c = 2 - 0. Determine w(c).
-10
Suppose -3*w + 21 = 3*o, -2*w - 16 = 5*o - 36. Let n(s) = -2*s**2. What is n(w)?
-50
Suppose 0 = 5*i - 4*k - 2, 0 = -i + 2*i - 2*k - 4. Let q(n) = 2*n - 8. Let u be q(6). Let g(m) = -u - 2 + 4*m + 8 - 5*m. What is g(i)?
4
Suppose -3 = -2*x + 5. Suppose 3*l - 10 = 4*r - x, -4*l = -2*r - 8. Suppose 2*k + 2*k = 2*c - 10, k + l*c = -10. Let d(p) = p**2 + 3*p + 2. What is d(k)?
6
Suppose -u = x - 16 - 20, -4*x + 144 = -3*u. Let z(o) = 1 - x*o - 37*o + 2*o**2 + 76*o. Let w be (-16)/(-24)*(-3 + 0). Determine z(w).
3
Let l(d) = d**2 - 4*d - 2. Suppose -m - 183 = -185. Suppose 2*v - j = -2*j + 7, 0 = -5*v + m*j + 22. Calculate l(v).
-2
Let g(o) = 30*o + 22. Suppose 0 = 5*k + 4*d - 132 + 136, 3*d - 12 = 0. Determine g(k).
-98
Let v be (-18)/4 - 25*4/(-40). Let k(s) = -2*s**3 + 7*s**2 + 11*s - 1. Calculate k(v).
21
Let d(l) be the second derivative of -l**4/24 + l**3/2 - 17*l**2/2 - 22*l - 1. Let w(h) be the first derivative of d(h). Calculate w(3).
0
Let n(g) = -296 + 204 - 5*g + 339 - 14*g. What is n(13)?
0
Let v(w) be the first derivative of -2/3*w**3 + 146 - 5/2*w**2 + 4*w. Calculate v(3).
-29
Suppose 6*z = 10*z + 2*u + 378, 0 = -3*z - 4*u - 281. Let a = -90 - z. Suppose -5*h + 4 = 2*g, 9*h + 2*g = a*h + 2. Let j(m) = m**3 - m**2 + 2*m. What is j(h)?
8
Let j(y) = -3*y + 11. Let s(c) = -c + 5. Suppose 0 = z - 0 - 19. Suppose 7 = 2*l - z. Let d(r) = l*s(r) - 6*j(r). Give d(-1).
-6
Let b(q) = q**3 + 4*q**2 - 4*q - 3. Suppose 5*p + t - 5 - 7 = 0, -3*t + 6 = 0. Suppose 0 = 30*m + 122 - p. Give b(m).
13
Let a be (12/5*(-5)/7)/((-1454)/5089). Let r(k) = -6*k - 11. Calculate r(a).
-47
Let f = -43 - -43. Suppose f = 2*a + 4 - 52. Let j(c) = -7*c**2 - 9 - 42*c**3 + 2*c + a*c**3 + 19*c**3 - 8*c. What is j(8)?
7
Let u(f) = f**3 - 6*f**2 + 7*f + 2. Suppose 29*z - 39*z + 470 = 0. Let o be (1 - -1) + -4 + 54. Let v = o - z. Calculate u(v).
12
Let a(f) = 8*f - 5. Let i(k) = -4*k + 3. Let n(u) = 3*a(u) + 5*i(u). Let q(m) = -2*m**2 - 6*m + 21. Let p be q(-5). Calculate n(p).
4
Let k(h) = 28*h - 2275. Let d be k(81). Suppose -2 = -2*a - 3*c, -3*a + c + 25 = -0*a. Let f(j) = 5*j + 0*j**2 + 0*j**2 - a + j**2. Give f(d).
7
Let f(l) be the third derivative of -l**5/24 - 5*l**4/24 + 181*l**3/6 - 25*l**2 + 2. Let q(s) be the first derivative of f(s). Calculate q(-2).
5
Let y = -238053 - -238055. Let h(m) be the second derivative of -m**4/6 - 2*m**3/3 + 5*m**2/2 + m. Give h(y).
-11
Let v(p) = -p**2 - 4*p - 9. Let h(a) = 23*a + 964. Let w be h(-42). Determine v(w).
-5
Let t be (3*-1)/((-19)/57). Let k be (1 - -11)*(-3)/t*-1. Let o(i) = 5*i - 2. Let b(x) = -9*x + 3. Let u(z) = -3*b(z) - 5*o(z). Give u(k).
9
Let c(i) be the second derivative of i**5/20 + 5*i**4/4 + 19*i**3/6 + 21*i**2 - 8097*i. Determine c(-14).
-28
Suppose 13*l - 10*l = 12. Suppose 5*a = w + l, 4*a + 2*w = -2*w - 16. Suppose -2*p = -6, 10 = -x + p - a*p. Let u(o) = o**3 + 6*o**2 - 6*o + 10. Give u(x).
3
Let u(x) be the third derivative of -x**6/120 + x**5/12 - x**4/4 - 6*x**2 + 16*x. Let z = 18 - 13. Suppose -g + 3*h - 11 = -0*g, 4*g + z*h = 41. Give u(g).
-8
Let u(q) = q**2 + 4*q - 1. Let t be u(-5). Suppose -15 = k + t*k. Let f(w) = 3*w + 7. Let j(b) = -8*b - 18. Let p(i) = 5*f(i) + 2*j(i). What is p(k)?
2
Let t(a) = -6*a**2 + 2*a - 1. Let u be 246/(-30) + -2 - 3/(-15). Let k be (-48)/u + -4 + (-4)/(-20). Calculate t(k).
-5
Let y(s) = 8*s + 14. Let a(h) = -21*h - 39. Let k(p) = -4*a(p) - 11*y(p). Suppose -30 = 3*l + 3*l. Determine k(l).
22
Let s(d) = -4*d**2 + 23*d - 1. Let h(f) = -6*f**2 + 24*f + 3. Let v(z) = -3*h(z) + 4*s(z). Give v(-11).
9
Let w(p) = -2*p**3 - 8*p**2 + 5*p - 32. Suppose 9*l = -329 + 284. Calculate w(l).
-7
Let q(w) be the first derivative of -w**4/4 + 3*w**3 - 6*w**2 - 15*w - 2060. What is q(7)?
-1
Let x be -3 + (-24)/8 - -8. Let h(n) = 8*n**3 - 17*n**3 - n**3 - 6*n**x + 7*n + 11*n**3. Calculate h(5).
10
Let x(z) = 10*z**2 + 33*z + 38. Let q(r) = 3*r**2 + 10*r + 12. Let t(u) = 7*q(u) - 2*x(u). Determine t(-10).
68
Let o(g) be the first derivative of -g**3/3 + 2*g**2 + 2*g + 1257. Let z = 9 - 4. What is o(z)?
-3
Suppose -39*m = 8*m - 273 - 479. Let b(n) = -n**3 + 15*n**2 + 17*n + 2. Determine b(m).
18
Suppose 5*s - 51 = -2*t, 2*t + 2 = t. Let z(g) = -4 - s*g + 2*g + 8*g + 4*g. Determine z(3).
5
Let s(l) = 6*l**2 + 1. Let d(t) = -t**2 + 4*t + 18. Let w(r) = 1. Let y(u) = -d(u) + 4*w(u). Let g be y(6). What is s(g)?
25
Let a be (-35)/(-10)*-2 + (6 - -4). Let y(f) = 2*f - 3. Give y(a).
3
Let t(s) = -14*s + s**3 - 11 + 9568*s**2 - 9562*s**2 + 26. Calculate t(-8).
-1
Let b be ((-2)/6)/(11/198). Let x be ((-2)/b)/(5 - (-836)/(-168)). Let g(s) = 2 + x - 1 - s + 2. Determine g(8).
9
Suppose 184 = 8*j - 136. Suppose 50 + j = 10*y. Suppose 0 = -y*z + 10*z - 6. Let r(i) = 3*i - 9. Give r(z).
9
Let p(f) = -3*f**2 - 54*f - 81. Let c be p(-17). Let b be -2 + (c/21)/(2/(-7)). Let j(k) = -8*k + 1. Give j(b).
-23
Let a(z) = 2 + z**3 - 444*z**2 - 4*z + 441*z**2 + 3*z. Let u = -3 + 5. Suppose 2*c = u*k, -7*c + 2*c + 30 = 5*k. Calculate a(k).
-1
Let p(a) = 2*a + 10. Let r(z) = z**3 + 28*z**2 + 53*z + 26. Let c be r(-26). Suppose t - 5*t = 4*m + 12, -2*t + 3*m - 16 = c. Determine p(t).
0
Let c be ((-1)/(-3